nd 183.
183
Calculate the greatest common divisor of 6771 and 1221.
111
Calculate the greatest common factor of 9891 and 11592.
63
Calculate the highest common factor of 520 and 27352.
104
Calculate the greatest common divisor of 115214 and 22.
22
What is the highest common factor of 59104 and 4288?
32
Calculate the highest common factor of 208744 and 8536.
776
What is the highest common factor of 115155 and 1515?
15
Calculate the greatest common divisor of 145225 and 592.
37
What is the highest common factor of 558 and 186651?
279
Calculate the greatest common divisor of 798 and 10038.
42
What is the highest common divisor of 1602 and 74938?
178
Calculate the greatest common divisor of 5151 and 34.
17
Calculate the greatest common factor of 1386 and 1206.
18
What is the greatest common divisor of 178194 and 102?
102
Calculate the highest common divisor of 4992 and 5200.
208
What is the greatest common factor of 40 and 10864?
8
Calculate the greatest common divisor of 6181 and 35.
7
Calculate the highest common factor of 1032374 and 2590.
518
Calculate the highest common divisor of 6 and 1316094.
6
Calculate the highest common factor of 4756 and 902.
82
Calculate the greatest common divisor of 16896 and 198.
66
Calculate the greatest common divisor of 6086 and 716.
358
Calculate the highest common divisor of 118231 and 411.
137
What is the highest common factor of 6 and 1587?
3
What is the greatest common divisor of 307287 and 19?
19
What is the highest common factor of 1290 and 23435?
215
What is the greatest common factor of 114808 and 6350?
254
Calculate the greatest common divisor of 495 and 309441.
33
Calculate the greatest common divisor of 26411 and 407.
11
What is the highest common divisor of 447871 and 227?
227
What is the greatest common divisor of 182 and 826?
14
Calculate the greatest common divisor of 156135 and 2415.
105
What is the highest common divisor of 44 and 3024?
4
What is the greatest common divisor of 35343 and 609?
21
Calculate the greatest common divisor of 3420711 and 63.
63
Calculate the highest common divisor of 90 and 151545.
15
What is the greatest common factor of 20 and 3206200?
20
Calculate the greatest common factor of 2004 and 692716.
668
What is the greatest common divisor of 308 and 15312?
44
What is the highest common divisor of 221 and 259522?
17
Calculate the highest common factor of 87 and 43152.
87
Calculate the greatest common factor of 1216736 and 3008.
1504
Calculate the highest common factor of 14980 and 9044.
28
What is the highest common divisor of 95 and 4795?
5
What is the greatest common divisor of 39266 and 58?
58
What is the highest common factor of 84036 and 1034?
94
Calculate the highest common divisor of 574458 and 402.
402
What is the highest common factor of 8358 and 71106?
42
What is the highest common divisor of 2299 and 152?
19
What is the highest common factor of 121954 and 1124?
562
Calculate the greatest common divisor of 1727371 and 41.
41
What is the greatest common divisor of 61 and 767746?
61
Calculate the highest common divisor of 425 and 29425.
25
What is the greatest common divisor of 81 and 213615?
9
What is the highest common factor of 32 and 39344?
16
What is the greatest common factor of 132 and 300344?
44
What is the greatest common factor of 811131 and 6969?
303
Calculate the highest common factor of 5 and 100607.
1
What is the greatest common factor of 27 and 113814?
9
Calculate the highest common divisor of 2249 and 6.
1
Calculate the highest common divisor of 11 and 2036320.
11
Calculate the highest common factor of 420 and 447132.
84
Calculate the highest common factor of 4042 and 88.
2
What is the highest common factor of 1159111 and 697?
697
What is the highest common divisor of 710 and 44446?
142
Calculate the greatest common factor of 146174 and 84.
14
What is the highest common divisor of 780 and 7455?
15
Calculate the greatest common factor of 117429 and 39.
39
What is the greatest common factor of 10989 and 2079?
297
What is the highest common factor of 250 and 3400?
50
Calculate the highest common factor of 202 and 1312.
2
Calculate the greatest common factor of 147 and 2847.
3
Calculate the highest common factor of 214 and 366368.
214
Calculate the highest common factor of 18326 and 1562.
22
Calculate the greatest common divisor of 37010 and 20.
10
Calculate the highest common factor of 192 and 42688.
64
What is the greatest common divisor of 228 and 34713?
57
Calculate the greatest common factor of 1521 and 3237.
39
Calculate the highest common divisor of 102719 and 885.
59
Calculate the highest common factor of 3540 and 36.
12
What is the highest common divisor of 52560 and 3577?
73
What is the highest common divisor of 6948 and 9?
9
Calculate the greatest common factor of 506 and 453238.
46
What is the highest common factor of 40 and 3077400?
40
What is the highest common divisor of 1450631 and 839?
839
What is the highest common divisor of 12847 and 47401?
443
What is the greatest common factor of 39087 and 7740?
387
What is the highest common factor of 45 and 1413?
9
Calculate the highest common factor of 40987 and 525598.
2411
Calculate the highest common factor of 352098 and 6138.
558
What is the greatest common factor of 92 and 6844?
4
What is the greatest common factor of 36542 and 968?
242
What is the highest common divisor of 1404 and 402?
6
What is the greatest common divisor of 64 and 1624208?
16
What is the greatest common factor of 33363 and 99?
99
What is the highest common divisor of 380579 and 255?
17
Calculate the highest common factor of 14859 and 18.
9
Calculate the highest common factor of 16627 and 78.
13
Calculate the greatest common divisor of 5778 and 7918.
214
Calculate the greatest common factor of 285 and 2235.
15
Calculate the highest common factor of 17110 and 1015.
145
Calculate the greatest common divisor of 89140 and 260.
20
What is the greatest common divisor of 545475 and 2975?
175
Calculate the highest common factor of 84690 and 40.
10
Calculate the greatest common divisor of 24306227 and 2123.
2123
What is the highest common divisor of 211240 and 320?
40
What is the greatest common factor of 1097183 and 62?
31
What is the greatest common divisor of 5155 and 617569?
1031
What is the highest common divisor of 482979 and 327?
327
What is the greatest common factor of 3377 and 22891?
11
Calculate the greatest common factor of 60808 and 88.
88
What is the highest common factor of 12 and 71356?
4
Calculate the greatest common divisor of 217 and 46283.
31
What is the greatest common divisor of 7059 and 16833?
543
Calculate the greatest common divisor of 48 and 4692.
12
What is the highest common factor of 164 and 758869?
41
Calculate the greatest common divisor of 77273 and 11172.
931
Calculate the greatest common divisor of 1 and 54919.
1
What is the greatest common factor of 47 and 27824?
47
What is the greatest common factor of 552 and 27508?
92
What is the highest common factor of 38857 and 1547?
91
Calculate the highest common divisor of 37 and 42032.
37
What is the greatest common factor of 13 and 8411?
13
What is the greatest common factor of 259462 and 42?
14
What is the highest common divisor of 25857 and 468?
117
What is the highest common divisor of 8704 and 714?
34
Calculate the greatest common factor of 4070 and 565138.
74
Calculate the greatest common factor of 39639 and 5037.
219
What is the greatest common divisor of 104 and 89336?
104
Calculate the greatest common divisor of 8494745 and 1141.
1141
Calculate the highest common factor of 6 and 14286.
6
What is the greatest common factor of 2596 and 48085?
59
What is the greatest common factor of 11 and 370535?
11
What is the greatest common factor of 171 and 372628?
19
What is the highest common factor of 1517 and 5330?
41
Calculate the highest common divisor of 224 and 40432.
112
Calculate the greatest common divisor of 418 and 186472.
22
Calculate the highest common divisor of 2318 and 6860121.
1159
Calculate the highest common factor of 11900 and 2660.
140
Calculate the greatest common divisor of 247 and 52.
13
What is the highest common divisor of 516140 and 3275?
655
What is the highest common factor of 18148 and 143?
13
What is the highest common 